112)/(-20))/(-2). Let m be (5 - 6)*(h - 2). Suppose 2*c - 5*z = 125, -4*z + 177 + 68 = 3*c. What is the greatest common divisor of m and c?
15
Let w = 3 + -1. Let t = -43 + 45. Suppose 0 = -w*x - 3*y + 3, -x - t*y = -0*y. Calculate the greatest common divisor of 54 and x.
6
Suppose -32*b = -5*b - 756. Suppose 0 = 4*j - 803 + 19. What is the greatest common divisor of b and j?
28
Let l = -317 + 337. Calculate the greatest common factor of l and 15.
5
Suppose -n = -2*s - 67, 0 = 3*n + 2*s - 220 - 13. Let l = -283 + 313. What is the greatest common factor of l and n?
15
Suppose 5*f = 0, -3*o - 4*f = 4 + 17. Let s = o + 13. Calculate the greatest common divisor of 30 and s.
6
Suppose -3*l + v - 2*v + 67 = 0, -5*v = -2*l + 39. Let d be (2*474/18)/((-2)/9). Let w = -127 - d. Calculate the greatest common divisor of w and l.
22
Let l(w) = -13*w + 11. Let u be l(-1). What is the highest common factor of 392 and u?
8
Suppose 0 = -5*a - 2*j - 51, 3*j + 54 = -3*a - 2*a. Let g = -9 + 6. Let p be g*6/a*1. Calculate the greatest common factor of p and 2.
2
Suppose 3*v = 6, g - v - 2358 = -608. Calculate the greatest common factor of g and 8.
8
Let w = -41 - -195. What is the greatest common divisor of 28 and w?
14
Let o = -345 + 465. Calculate the greatest common factor of 15 and o.
15
Let i = 5 - -6. Suppose 20*l = 17*l - 4*c + 375, -l = 4*c - 133. What is the highest common factor of l and i?
11
Suppose 3*m - 110 = h - 1, -157 = -4*m - h. What is the highest common factor of m and 304?
38
Let t be (-7 - 1)*10/(-4) - 1. What is the greatest common divisor of 152 and t?
19
Suppose 25 = -5*u, -2*h - 2*u + 3*u = -33. Let n = h + -13. Suppose 0 = -w - n + 9. Calculate the greatest common factor of 64 and w.
8
Suppose -2520 = -11*w + 5*w. What is the greatest common factor of w and 21?
21
Let i(r) = -r**2 - 16*r - 25. Let l be i(-6). What is the highest common factor of 5 and l?
5
Let n = 42 - 39. Let u be ((-9)/(-4))/((-6)/(-112)). Let x be ((1 - n)*u)/(-1). What is the greatest common factor of 28 and x?
28
Suppose c - 27 = -5*m + 84, -4*m + c + 87 = 0. Let p be ((-737)/m)/(1/(-10)). Let j be -6*(p/(-10) + -4). Calculate the highest common divisor of 25 and j.
25
Suppose -26 = 5*n + 44. Let i be 4/n - (-344)/28. Calculate the highest common factor of 132 and i.
12
Let m be 12/18*39/2. Let y be -2 - (-5)/(5/186). Let p = -41 + y. What is the greatest common divisor of p and m?
13
Let a(t) = 11*t + 31. Let n be a(-4). Let g = 251 - n. Calculate the greatest common divisor of g and 24.
24
Let o = -12209 + 12378. Suppose -x + 2*a = -15, 2*a - a = 3*x - 40. What is the greatest common divisor of x and o?
13
Let u be 25/(-2) + 2/4. Let m be (-2)/(-10) - (-162)/(-10). Let s = u - m. What is the highest common divisor of s and 10?
2
Let i(d) = d**3 - 31*d**2 + 31*d - 12. Let m be i(30). Calculate the highest common factor of 2 and m.
2
Suppose -28 = 9*d - 199. Calculate the highest common divisor of d and 152.
19
Let p = 16 - 6. Let w(g) = -g**2 + 36*g - 139. Let l be w(23). What is the highest common divisor of p and l?
10
Suppose -5*i + 23 = -7. Let d(w) = w**2 - 4*w - 9. Let u be d(i). Let o be ((-168)/(-15))/(u/15). What is the greatest common divisor of 7 and o?
7
Suppose -2*x + 8 = 3*n, -n = -x + 3*n + 4. Suppose -x*s + 111 = j + 2*j, j + 19 = s. Calculate the greatest common divisor of s and 60.
12
Suppose -3*l - 37 = 5*g, -30 = 2*g + 2*g + 2*l. Let q be 12*((-42)/g)/7. What is the highest common divisor of q and 6?
3
Suppose -5*a + 20 = -5, -f + 5*a = 19. Let h = -37 - -39. Calculate the greatest common divisor of f and h.
2
Let k(f) = -f**2 - 7*f - 37. Let r be k(-7). Let g = 54 + r. What is the greatest common factor of 136 and g?
17
Let g(s) = -s**2 - 3*s. Let k be g(-3). Suppose k = -5*v + 25 - 10. Let w be 1*(v - (-7 - 3)). Calculate the greatest common factor of 52 and w.
13
Let u(h) = 5*h + 9. Let g(s) = -2*s**3 + s**2 + s. Let r be g(1). Let w be u(r). What is the highest common factor of 1 and w?
1
Suppose -3*s + 11 + 3 = -5*f, -3*f = 5*s - 46. Let v(u) = -3*u - 20. Let h be v(-8). Suppose s - 20 = -h*a. Calculate the greatest common factor of 27 and a.
3
Let g = 2415 - 1569. What is the highest common factor of g and 18?
18
Let x be (198/(-5))/(6/(-60)). What is the greatest common factor of 36 and x?
36
Suppose -1865 = 56*z - 6849. What is the greatest common divisor of z and 712?
89
Let k(m) = m**2 - 6*m + 7. Let p be k(6). Suppose q + 0 = 3*g - 2, 4*g = -3*q + p. Calculate the greatest common factor of q and 11.
1
Let n be (-33 - -8)/((-1)/7). What is the greatest common factor of 75 and n?
25
Let l be 7/(98/1270) - (-18)/63. What is the greatest common factor of l and 65?
13
Suppose -4618 = -45*u + 6497. Calculate the highest common factor of u and 76.
19
Let q(f) = -f**2 - 8*f + 16. Let z be q(-11). Let k = z - -41. Calculate the greatest common divisor of 6 and k.
6
Let k(u) = -u**3 + 9*u**2 - 9. Let s be k(6). Suppose -5 = j, j - 1 = -t - 2*t. Let x be (3 + -2)*18/t. Calculate the greatest common divisor of x and s.
9
Let x(f) = -2*f - 5*f + 3*f**2 - 1 + 2*f. Let w be x(6). Suppose 2*b = 8 + 6. What is the greatest common factor of b and w?
7
Suppose -38 = -4*s + 50. Suppose -6*g = -5*g. Suppose 11*t - 5*t - 198 = g. Calculate the greatest common factor of t and s.
11
Let f(h) = -5*h. Suppose -5*l - 3 - 7 = 0. Let x be f(l). Suppose 4*a - 336 + 16 = 0. Calculate the greatest common factor of x and a.
10
Let s be ((-1)/(-4))/((-62)/(-1984)). Calculate the highest common divisor of s and 344.
8
Suppose -63*l + 66*l - 12 = 0. Let c = 69 + -30. Suppose -5 = -l*y + c. What is the greatest common factor of 33 and y?
11
Let v be 8 - (-53 - -5)/(-8). Let q be 11/((-2)/(-8)*2). What is the greatest common factor of q and v?
2
Let m(l) = 59*l + 22. Let t be m(6). Let d(b) = -b**3 - b + 47. Let q be d(0). Calculate the highest common divisor of q and t.
47
Let g = -214 + 245. Suppose 2*j - 38 = 4*j. Let r = g + j. Calculate the highest common factor of 108 and r.
12
Let t be (-14160)/(-300) + -2*1/10. Calculate the greatest common divisor of t and 1.
1
Let q(k) = 21*k**2 - k. Let l be q(-1). Let z(f) = 15*f + 198. Let x be z(0). Calculate the highest common divisor of l and x.
22
Let h be ((-16)/14)/(2/(-7)). Suppose -2 = -w, -2*a + h*a - 5*w - 22 = 0. Suppose -a = -2*t + 8. Calculate the greatest common divisor of 12 and t.
12
Let g = 1132 + -400. What is the greatest common divisor of 12 and g?
12
Suppose -3*c - 2*t - 111 = -4*c, 4*c - 488 = -3*t. Let y = -100 + c. Let o be ((-3)/9)/((-1)/57). What is the greatest common divisor of o and y?
19
Suppose 3*l - 4*v - 11 = 0, v - 270 = 3*l - 284. Let o = -31 + 51. What is the highest common divisor of o and l?
5
Let l be 6/(-24) - (483/(-12) - 0). Calculate the highest common divisor of l and 40.
40
Let b be 18/(-3) + 1 + 128. Calculate the greatest common factor of 164 and b.
41
Suppose 2*n = 5*l - 22, 3*n = -2*n + 20. Let o(a) = -9*a + 0 - 2*a**2 - a**2 + 6 + 2*a**2. Let f be o(-9). Calculate the highest common divisor of l and f.
6
Let o(s) = 15*s + 33. Let p be o(1). Calculate the greatest common divisor of 208 and p.
16
Let y = -43 - -117. Suppose -7*w + 3*l + y = -3*w, 2*l - 44 = -2*w. Calculate the highest common factor of w and 4.
4
Let v(j) = -2*j**3 + 46*j**2 - 45*j + 46. Let p be v(22). What is the greatest common factor of 408 and p?
24
Let b(d) = 2*d - 36. Let s(z) = 0*z - z + 6*z - 18 - 4*z. Let v(t) = -3*b(t) + 5*s(t). Let p be v(8). What is the highest common divisor of p and 20?
10
Let h be (-188)/6 + 6/18. Let x = 14 - h. Let y(p) = -p**2 - 5*p + 1. Let c be y(-4). Calculate the greatest common factor of x and c.
5
Let l(x) = -30*x - 350. Let u be l(-12). Calculate the highest common factor of 470 and u.
10
Let y = -16 - -12. Let u be (-82)/y - 19/(-38). Calculate the greatest common divisor of 7 and u.
7
Let n(y) = y**3 + 8*y**2 + 9. Let s be n(-8). Let l(u) = -u**3 + 9*u**2 + 2*u - 5. Let o be l(s). What is the greatest common divisor of o and 13?
13
Suppose 5*y + 4 = 19. Suppose -p - 5*c = y*p - 47, -14 = -p - 2*c. Let s = -27 + 35. What is the highest common divisor of s and p?
8
Suppose -23180 = -76*a + 15*a. What is the highest common divisor of a and 76?
76
Let m = 1680 - 1669